
True
Suppose j + 2 = -2*h - 3*j, 4*j + 14 = 2*h. Suppose 8*q = 2*v + 11*q - 7771, h*v - 5*q - 11628 = 0. Is v a prime number?
True
Let b(t) = -9*t - 15. Let c = -15 - -13. Let n be b(c). Suppose 0 = -4*v + v - n*k + 6603, -2*k + 8808 = 4*v. Is v a composite number?
False
Let v = 333 + -1388. Let q = v + 2568. Is q a composite number?
True
Let t be 1*(-5*(-10)/(-25) + -2). Let d(g) be the third derivative of -g**6/60 + g**5/60 - g**4/24 + 3*g**3/2 + g**2. Is d(t) a composite number?
False
Let d be (-6)/(-45) + (-6 - (-6365)/75). Suppose 8404 = d*c - 75*c. Is c composite?
True
Let b = -11 + 15. Suppose b*w - 7 - 65 = 0. Let m(a) = -a**3 + 21*a**2 - 11*a - 21. Is m(w) prime?
False
Let k(a) = -5*a**3 - 7*a**2 - 9*a - 10. Let x be k(-5). Let q(o) = 3*o**3 + o**2 - 1. Let g be q(1). Suppose 2*b = -g*b + x. Is b a prime number?
True
Let h be (-4)/(-22) - 116664/(-132). Let s = h - -8337. Suppose -3*z + 1462 + s = 0. Is z composite?
True
Is (411160/15 - -2)/(32/48) prime?
False
Suppose 4*x = 8*x - 4. Let v be -7 + 9 - (x + 2 - 1). Suppose -3*c + v*c = -561. Is c a prime number?
False
Suppose 997 = 2*x - 9. Let c = x + 140. Suppose -3*k = -c - 218. Is k a prime number?
False
Let c = 681 - 74. Suppose -4*p + 2285 + c = 0. Is p composite?
True
Suppose 0 = 117*v - 115*v + 2710. Let g = 7420 + v. Is g composite?
True
Let x(m) = -21 + 17*m + 2075*m**2 - 2072*m**2 + 2*m. Is x(-14) a composite number?
True
Let g = -7042 - -20969. Is g a prime number?
False
Let h(d) = -17*d + 487 - 10*d + 28*d. Is h(0) prime?
True
Suppose s - 174038 = -3*c, -29*s + 116031 = 2*c - 34*s. Is c prime?
True
Suppose 11899 + 7703 = 6*r. Suppose 2*o + 5*b = -r + 24312, -4*b = -2*o + 21018. Is ((-4)/(-2) + -1)/(15/o) a prime number?
True
Let w(v) = -540*v**3 + v**2 - v - 1. Suppose 0 = -2*p + 3*z - 2*z + 13, 0 = 3*z + 15. Suppose 0 = -p*r - 0 - 4. Is w(r) composite?
False
Let b be (-50331)/6 + ((-21)/(-6) - 3). Let y = 14775 + b. Is y a composite number?
True
Let t(l) be the third derivative of 1747*l**6/120 - l**5/20 + l**4/6 + l**3/6 - 199*l**2. Is t(2) prime?
False
Suppose -1128563 - 1646570 = -53*y. Is y a composite number?
False
Let t be (-328)/20 + (-4)/(-10). Let w be ((-3162)/(-8))/(-6 - 92/t). Is (-15 - -1)*(w/2 - -1) a prime number?
False
Let j be 2/4 - (-2406)/(-4). Let r(t) = 23*t + 372. Let y be r(21). Let k = j + y. Is k a prime number?
False
Let a(w) = -w**3 + 13*w**2 - 24*w + 44. Let n be a(11). Suppose 17*o + 31225 = n*o. Is o composite?
True
Let b be ((-2234)/(-6))/((-1)/(-21)). Suppose 0 = 32*r + 31 - 127. Suppose -2*a + 4*l + l + 5230 = 0, -l = -r*a + b. Is a composite?
True
Suppose 0 = 6440*c - 6447*c + 149191. Is c a prime number?
True
Is 8 + (-17)/((-102)/84) + -6 + 116743 a composite number?
True
Let o be 4 - 27411/(-21) - (-2)/(-7). Let d = 3414 - o. Let t = 2982 - d. Is t prime?
True
Let c = -182 - -188. Suppose -9615 = -c*r + 17307. Is r a prime number?
False
Suppose 115223955 = 255*s + 130*s. Is s prime?
False
Suppose 4*g = 6*g + y - 10, -12 = -3*y. Suppose -1 = 2*m + g, -4*b + 3*m = -8218. Is b a prime number?
True
Suppose 19 = -3*j + 88. Is 288612/92 - 2/j composite?
False
Let l = 188185 - 91196. Is l a composite number?
False
Let b be ((-1 - 0)*8)/((-4)/1056). Is (b/6 - 4) + -1 prime?
True
Let m = -450615 - -791302. Is m composite?
False
Suppose 5*g + 19199 - 44990 = 438174. Is g a composite number?
True
Suppose 21*b - 6672432 = -36*b + 4118067. Is b prime?
True
Let d = -13 + 15. Let g be (-872)/(-24) + d/3. Let f = g + 16. Is f prime?
True
Suppose -2*b + 9 = b. Let t(x) = -x - 1. Let m(l) = 600*l + 25. Let j(y) = m(y) + 15*t(y). Is j(b) composite?
True
Let b be (1*-2 - 55)*(-11)/33. Suppose -14474 = b*o - 94958. Suppose 0 = 5*f + 641 - o. Is f prime?
True
Let r be (45/(-6))/((-5)/((-100)/10)). Is 20187/r*10/(-6) a prime number?
True
Suppose 0 = -i + 2*i + d - 205812, -3*d + 205814 = i. Is i a composite number?
True
Let h(z) = z**3 - 7*z**2 + 11*z - 3. Let y be h(5). Suppose t - 4*t = -d + 2, -3*t - 16 = -y*d. Is ((-5)/(75/(-5646)))/(d/35) prime?
True
Let u = -201525 - -362458. Is u prime?
True
Let f(s) = -55*s**3 + 7*s - 17. Is f(-5) a composite number?
False
Let y(u) = -2*u**2 + 23*u - 2. Let v(z) = z + 1. Let q(t) = -6*v(t) + y(t). Let s be q(7). Suppose -8*p + s*p - 95 = 0. Is p prime?
True
Suppose 9*k + 35162 = -10090. Is (-7 + (-44)/(-8))/(9/k) a composite number?
True
Suppose 11*w - 16415 = 2235956. Is w composite?
True
Let a be (2 - 585/20)/((-1)/4). Suppose 0 = -2*g, -a = -2*p + 5*g + 265. Suppose -940 + p = -o. Is o a composite number?
True
Suppose 2*v = -5*y + 62667, 3*y - 4*v + 2479 = 40074. Is y prime?
False
Let c(p) = 19170*p - 123. Let a(o) = -5477*o + 35. Let d(l) = 18*a(l) + 5*c(l). Let i(f) = -912*f + 5. Let y(s) = -3*d(s) + 8*i(s). Is y(1) prime?
True
Suppose 98*c - 9256359 = 8173235. Is c a composite number?
True
Suppose -67*i + 153*i - 80*i = 7895406. Is i a prime number?
True
Let v be (2 - 15/10) + 1/(-2). Suppose 4*y + 2 = 4*m - 2, v = 2*m + 4*y - 8. Suppose -b - 710 = -5*u, 340 - 63 = m*u + b. Is u composite?
True
Suppose 0 = -4*z + 4*n + 129612, -n - 43 = -47. Is z a composite number?
True
Let a(h) = 48*h**2 + 6*h + 73. Let c be a(15). Suppose 5*f + 5*k - 29760 = 0, 3*f - k - c = 6889. Is f a prime number?
False
Is 114756/4 - -8*(-17)/68 a prime number?
True
Is (-2 + -489282)/((-1408)/1760) a composite number?
True
Suppose -4*r - 6 - 2 = -4*a, -4*a = -3*r - 11. Suppose 2935 + 2702 = -r*i. Let b = i + 4614. Is b a composite number?
True
Let v(a) = a**2 - 57*a - 225. Is v(-14) a composite number?
False
Let m = -224 - -228. Let x(y) = -479*y + 24. Let j(w) = -w - 1. Let q(v) = 5*j(v) - x(v). Is q(m) composite?
False
Suppose -363*p + 456*p = 28109343. Is p composite?
True
Let p(a) = a**2 - 154*a + 255797. Is p(0) prime?
False
Let n = 247 + 87. Let w = n + -299. Is w composite?
True
Suppose 5*g = -i + 5843091, 2*g - 2*i - 765190 - 1572032 = 0. Is g a prime number?
False
Let t be 12/4 - 3 - -32. Let y = 128 - t. Suppose -3*c + 3 = -y. Is c a composite number?
True
Let l = -36174 - -9747. Let g = -15464 - l. Is g a composite number?
True
Suppose 93*x - 86*x = -2912. Let p = x + 1205. Is p a prime number?
False
Let t = 428179 + 36468. Is t prime?
True
Let y be (-1)/(10 - (-57)/(-6)). Let c(m) = m**3 + 6*m**2 - 3*m - 6. Let o be c(-6). Is -3*y/o*4106 composite?
False
Let p(c) = 252*c - 38. Let v be p(9). Suppose -8*g = 2*g - v. Is g composite?
False
Let n(k) = 371*k - 127. Let y(v) = -183*v + 63. Let p(w) = 4*n(w) + 7*y(w). Is p(30) a prime number?
False
Let t(q) = -99*q - 44. Let v(s) = 98*s + 45. Let z(r) = -4*t(r) - 3*v(r). Let h(n) = -6*n - 104. Let l be h(-18). Is z(l) a composite number?
False
Let q = 60851 + -12558. Is q prime?
False
Suppose 115*z - 118*z = a - 453153, 2*z = -5*a + 2265843. Is a prime?
False
Let s = 197 + -193. Suppose -5*y + s*n = -17833, 0*y - 3581 = -y - 4*n. Is y a prime number?
False
Let i = 1080 + -18. Let n = i - 149. Is n composite?
True
Let p be 3/(18/(-12))*(5 + -2424). Let h = 12979 - p. Is h a composite number?
True
Suppose g - 1168336 = -5*x, -1108632 = -g + 3*x + 59664. Is g composite?
True
Let a(k) = 2*k**2 + 23*k + 7. Let u be a(-7). Let w be 0 + (-1 - (-2 + 2)). Let b = w - u. Is b composite?
True
Is 6009927/49 + (-56)/98 prime?
True
Let t = -139825 - -247508. Is t a prime number?
False
Let h(i) = 45*i**2 + 3*i - 1. Let z be h(1). Let p = z + -59. Is (-2930)/(-3) - p/36 composite?
False
Suppose 128 = 5*u + b, -4*b = -3*b + 2. Is u/7 + 2/7 + 2049 prime?
True
Is -12*(-3)/20 + (776846/5 - 0) composite?
False
Let k(l) = l**3 + 12*l**2 - 4*l - 16. Let r be k(-12). Is 54353/6 + r/192 prime?
True
Let j = -637 - -616. Let x(p) = 0*p**2 + 14*p - 22*p**2 - 39*p - p**3 - 10. Is x(j) a composite number?
True
Suppose 4*x + 14395048 = 12*x - 0*x. Is x a prime number?
True
Let u be (-142 - 0)*(-7)/(-14). Let q = 53 + u. Is (531/q)/((-2)/8) composite?
True
Suppose 6213*p - 6220*p + 3372859 = 0. Is p a composite number?
False
Is -1*((-3 - 2) + -8112) a composite number?
False
Let x(k) = -479*k - 242. Let c be x(-31). Suppose -4*z + 46795 = c. Is z a composite number?
True
Let m = 18 - 18. Let v be -1 + 0 + m + (5 - -418). Suppose -28*x + v = -26*x. Is x composite?
False
Let t = -187 - -195. Suppose -3*k - 15 =